 the remainder when 441 is divided by 13.
12
Calculate the remainder when 2004 is divided by 30.
24
Calculate the remainder when 175 is divided by 54.
13
What is the remainder when 694 is divided by 138?
4
What is the remainder when 1488 is divided by 55?
3
What is the remainder when 116 is divided by 12?
8
What is the remainder when 88 is divided by 7?
4
What is the remainder when 212 is divided by 2?
0
What is the remainder when 76 is divided by 42?
34
What is the remainder when 1160 is divided by 27?
26
Calculate the remainder when 2120 is divided by 149.
34
What is the remainder when 161 is divided by 61?
39
What is the remainder when 42333 is divided by 49?
46
Calculate the remainder when 121 is divided by 23.
6
What is the remainder when 5528 is divided by 154?
138
What is the remainder when 1635 is divided by 14?
11
Calculate the remainder when 186 is divided by 12.
6
What is the remainder when 899 is divided by 65?
54
What is the remainder when 288 is divided by 10?
8
Calculate the remainder when 954 is divided by 158.
6
Calculate the remainder when 9691 is divided by 27.
25
Calculate the remainder when 937 is divided by 7.
6
Calculate the remainder when 310 is divided by 45.
40
What is the remainder when 526 is divided by 106?
102
What is the remainder when 159 is divided by 18?
15
What is the remainder when 269 is divided by 30?
29
Calculate the remainder when 158 is divided by 21.
11
Calculate the remainder when 1338 is divided by 666.
6
What is the remainder when 74 is divided by 24?
2
Calculate the remainder when 96 is divided by 15.
6
What is the remainder when 882 is divided by 13?
11
Calculate the remainder when 48 is divided by 23.
2
What is the remainder when 1237 is divided by 82?
7
Calculate the remainder when 3842 is divided by 7.
6
Calculate the remainder when 357 is divided by 158.
41
Calculate the remainder when 170 is divided by 44.
38
Calculate the remainder when 109 is divided by 45.
19
Calculate the remainder when 4798 is divided by 2381.
36
Calculate the remainder when 337 is divided by 19.
14
What is the remainder when 632 is divided by 60?
32
What is the remainder when 705 is divided by 55?
45
What is the remainder when 8797 is divided by 11?
8
Calculate the remainder when 283 is divided by 89.
16
What is the remainder when 318 is divided by 22?
10
What is the remainder when 314 is divided by 104?
2
Calculate the remainder when 442 is divided by 28.
22
What is the remainder when 97 is divided by 10?
7
Calculate the remainder when 269 is divided by 8.
5
Calculate the remainder when 177 is divided by 26.
21
Calculate the remainder when 423 is divided by 25.
23
Calculate the remainder when 5147 is divided by 18.
17
What is the remainder when 205 is divided by 90?
25
What is the remainder when 69 is divided by 12?
9
Calculate the remainder when 249 is divided by 14.
11
Calculate the remainder when 2286 is divided by 104.
102
Calculate the remainder when 232 is divided by 61.
49
Calculate the remainder when 397 is divided by 25.
22
Calculate the remainder when 53 is divided by 4.
1
Calculate the remainder when 107 is divided by 42.
23
Calculate the remainder when 26266 is divided by 33.
31
What is the remainder when 2159 is divided by 30?
29
Calculate the remainder when 2322 is divided by 63.
54
What is the remainder when 2871 is divided by 1433?
5
What is the remainder when 217 is divided by 115?
102
What is the remainder when 201 is divided by 47?
13
Calculate the remainder when 1748 is divided by 98.
82
Calculate the remainder when 192 is divided by 49.
45
What is the remainder when 424 is divided by 85?
84
Calculate the remainder when 227 is divided by 80.
67
Calculate the remainder when 225 is divided by 29.
22
Calculate the remainder when 466 is divided by 26.
24
What is the remainder when 740 is divided by 732?
8
What is the remainder when 909 is divided by 157?
124
Calculate the remainder when 6 is divided by 6.
0
Calculate the remainder when 57 is divided by 3.
0
Calculate the remainder when 365 is divided by 8.
5
Calculate the remainder when 196 is divided by 37.
11
What is the remainder when 503 is divided by 214?
75
Calculate the remainder when 606 is divided by 301.
4
What is the remainder when 1475 is divided by 51?
47
What is the remainder when 435 is divided by 35?
15
Calculate the remainder when 118 is divided by 33.
19
What is the remainder when 211 is divided by 40?
11
What is the remainder when 6277 is divided by 146?
145
What is the remainder when 248 is divided by 18?
14
What is the remainder when 131 is divided by 107?
24
What is the remainder when 43 is divided by 15?
13
Calculate the remainder when 1252 is divided by 36.
28
Calculate the remainder when 148 is divided by 102.
46
Calculate the remainder when 628 is divided by 15.
13
Calculate the remainder when 734 is divided by 107.
92
What is the remainder when 92 is divided by 73?
19
Calculate the remainder when 294 is divided by 85.
39
Calculate the remainder when 280 is divided by 73.
61
Calculate the remainder when 1228 is divided by 16.
12
What is the remainder when 278 is divided by 47?
43
Calculate the remainder when 29 is divided by 1.
0
Calculate the remainder when 397 is divided by 14.
5
What is the remainder when 128 is divided by 43?
42
What is the remainder when 372 is divided by 70?
22
Calculate the remainder when 518 is divided by 68.
42
What is the remainder when 75 is divided by 38?
37
Calculate the remainder when 133 is divided by 48.
37
Calculate the remainder when 50 is divided by 8.
2
Calculate the remainder when 194 is divided by 97.
0
What is the remainder when 2586 is divided by 163?
141
What is the remainder when 12827 is divided by 4271?
14
Calculate the remainder when 8187 is divided by 45.
42
Calculate the remainder when 3850 is divided by 352.
330
What is the remainder when 60 is divided by 48?
12
What is the remainder when 49 is divided by 19?
11
Calculate the remainder when 15638 is divided by 237.
233
What is the remainder when 23263 is divided by 53?
49
Calculate the remainder when 176 is divided by 167.
9
What is the remainder when 143 is divided by 4?
3
Calculate the remainder when 987 is divided by 54.
15
Calculate the remainder when 1336 is divided by 28.
20
Calculate the remainder when 592 is divided by 66.
64
Calculate the remainder when 12 is divided by 11.
1
What is the remainder when 322 is divided by 81?
79
Calculate the remainder when 78 is divided by 59.
19
Calculate the remainder when 485 is divided by 122.
119
Calculate the remainder when 71 is divided by 3.
2
Calculate the remainder when 2734 is divided by 38.
36
Calculate the remainder when 185 is divided by 57.
14
Calculate the remainder when 124 is divided by 23.
9
What is the remainder when 140 is divided by 31?
16
Calculate the remainder when 466 is divided by 36.
34
What is the remainder when 330 is divided by 159?
12
Calculate the remainder when 111 is divided by 23.
19
Calculate the remainder when 566 is divided by 55.
16
Calculate the remainder when 206 is divided by 162.
44
Calculate the remainder when 8629 is divided by 5.
4
Calculate the remainder when 543 is divided by 119.
67
Calculate the remainder when 9790 is divided by 136.
134
What is the remainder when 25 is divided by 17?
8
What is the remainder when 897 is divided by 295?
12
Calculate the remainder when 24 is divided by 3.
0
Calculate the remainder when 2981 is divided by 142.
141
Calculate the remainder when 1832 is divided by 163.
39
What is the remainder when 176 is divided by 17?
6
What is the remainder when 901 is divided by 62?
33
Calculate the remainder when 258 is divided by 96.
66
What is the remainder when 612 is divided by 200?
12
What is the remainder when 1129 is divided by 13?
11
Calculate the remainder when 1963 is divided by 391.
8
What is the remainder when 209 is divided by 55?
44
What is the remainder when 1316 is divided by 132?
128
Calculate the remainder when 1030 is divided by 477.
76
What is the remainder when 168 is divided by 159?
9
What is the remainder when 5776 is divided by 123?
118
Calculate the remainder when 78 is divided by 6.
0
What is the remainder when 965 is divided by 88?
85
Calculate the remainder when 12 is divided by 3.
0
Calcul